{"id":2921,"date":"2025-05-22T11:36:05","date_gmt":"2025-05-22T10:36:05","guid":{"rendered":"https:\/\/foerderverein-haslochbergschule.de\/?page_id=2921"},"modified":"2025-11-19T15:51:06","modified_gmt":"2025-11-19T14:51:06","slug":"satzung","status":"publish","type":"page","link":"https:\/\/foerderverein-haslochbergschule.de\/index.php\/satzung\/","title":{"rendered":"Satzung"},"content":{"rendered":"\n<p><strong>\u00a7 1 Name, Sitz und Gesch\u00e4ftsjahr<\/strong><\/p>\n\n\n\n<ol class=\"wp-block-list\">\n<li>Der Verein f\u00fchrt den Namen \u201eF\u00f6rderverein der Haslochbergschule Gro\u00df-Bieberau e. V.\u201c &#8211; im Folgenden \u201eVerein\u201d genannt.<\/li>\n<\/ol>\n\n\n\n<ul class=\"wp-block-list\">\n<li>Der Verein hat seinen Sitz in Gro\u00df-Bieberau und ist im Vereinsregister beim Amtsgericht Darmstadt eingetragen.<br><\/li>\n\n\n\n<li>Das Gesch\u00e4ftsjahr ist das Schuljahr.<\/li>\n<\/ul>\n\n\n\n<p><\/p>\n\n\n\n<p><strong>\u00a7 2 Zweckbestimmung<\/strong><\/p>\n\n\n\n<ol class=\"wp-block-list\">\n<li>Zweck des Vereins ist insbesondere die F\u00f6rderung des Unterrichts und der Erziehungsarbeit der Haslochbergschule \u00fcber die Verpflichtung des Schultr\u00e4gers hinaus durch<\/li>\n<\/ol>\n\n\n\n<ul class=\"wp-block-list\">\n<li>Bereitstellung von Sach- und Geldspenden<\/li>\n\n\n\n<li>F\u00f6rderung einzelner Vorhaben, insbesondere innovativer Projekte<\/li>\n\n\n\n<li>Unterst\u00fctzung bed\u00fcrftiger Sch\u00fcler bei besonderen Schulveranstaltungen<\/li>\n<\/ul>\n\n\n\n<ul class=\"wp-block-list\">\n<li>Weiterhin ist es Zweck des F\u00f6rdervereins, in enger Zusammenarbeit mit dem Schulelternbeirat und der Schulleitung die Anliegen der Haslochbergschule in der \u00d6ffentlichkeit zu unterst\u00fctzen. Dies soll u.a. dadurch gef\u00f6rdert werden, dass VertreterInnen der genannten Gremien zu den Sitzungen des F\u00f6rdervereins eingeladen werden.<\/li>\n<\/ul>\n\n\n\n<ul class=\"wp-block-list\">\n<li>F\u00fcr die Erf\u00fcllung dieser satzungsm\u00e4\u00dfigen Zwecke sollen geeignete Mittel durch Beitr\u00e4ge\/Umlagen, Spenden, Zusch\u00fcsse und sonstige Zuwendungen eingesetzt werden.<\/li>\n<\/ul>\n\n\n\n<ul class=\"wp-block-list\">\n<li>Der Verein verfolgt ausschlie\u00dflich und unmittelbar gemeinn\u00fctzige Zwecke im Sinn des Abschnitts \u201eSteuerbeg\u00fcnstigte Zwecke\u201d der Abgabenordnung in der jeweils g\u00fcltigen Fassung. Er wird als F\u00f6rderverein nach \u00a7 58 Nr. 1 AO t\u00e4tig, der seine Mittel ausschlie\u00dflich zur F\u00f6rderung des in \u00a7 2 Ziffer 1 genannten steuerbeg\u00fcnstigten Zwecks des Vereins verwendet.<\/li>\n<\/ul>\n\n\n\n<ul class=\"wp-block-list\">\n<li>Der Verein ist selbstlos t\u00e4tig; er verfolgt nicht in erster Linie eigenwirtschaftliche Zwecke.<\/li>\n<\/ul>\n\n\n\n<ul class=\"wp-block-list\">\n<li>Mittel des Vereins d\u00fcrfen nur f\u00fcr satzungsgem\u00e4\u00dfe Zwecke verwendet werden. Die Mitglieder des Vereins erhalten in ihrer Eigenschaft als Mitglieder keine Zuwendungen aus Mitteln des Vereins.<\/li>\n<\/ul>\n\n\n\n<ul class=\"wp-block-list\">\n<li>Es darf keine Person durch Ausgaben, die dem Zweck des Vereins fremd sind oder durch unverh\u00e4ltnism\u00e4\u00dfig hohe Verg\u00fctungen beg\u00fcnstigt werden.<\/li>\n<\/ul>\n\n\n\n<ul class=\"wp-block-list\">\n<li>Der Verein ist politisch und konfessione-ll neutral.<\/li>\n<\/ul>\n\n\n\n<ul class=\"wp-block-list\">\n<li>Die Aus\u00fcbung von Ehren\u00e4mtern nach den Satzungsvorgaben erfolgt ehrenamtlich.<\/li>\n<\/ul>\n\n\n\n<p><\/p>\n\n\n\n<p><strong>\u00a7 3 Mitgliedschaft<\/strong><\/p>\n\n\n\n<ol class=\"wp-block-list\">\n<li>Mitglieder des Vereins k\u00f6nnen werden:<\/li>\n<\/ol>\n\n\n\n<ul class=\"wp-block-list\">\n<li>Sch\u00fclerInnen der Haslochbergschule<\/li>\n\n\n\n<li>Erziehungsberechtigte, deren Kinder die Haslochbergschule besuchen<\/li>\n\n\n\n<li>Andere nat\u00fcrliche Personen, die die Ziele des Vereins unterst\u00fctzen<\/li>\n\n\n\n<li>Ehemalige Sch\u00fclerInnen<\/li>\n\n\n\n<li>Die Lehrkr\u00e4fte der Schule<\/li>\n\n\n\n<li>Juristische Personen sowie Gebietsk\u00f6rperschaften<\/li>\n<\/ul>\n\n\n\n<ul class=\"wp-block-list\">\n<li>Minderj\u00e4hrige Antragsteller bed\u00fcrfen zum Beitritt der Zustimmung ihrer (ihres) gesetzlichen Vertreters.<\/li>\n<\/ul>\n\n\n\n<ul class=\"wp-block-list\">\n<li>Innerhalb der Mitgliedschaft k\u00f6nnen sich die Mitglieder aktiv an der Vereinsarbeit beteiligen. F\u00f6rdermitglieder sind Mitglieder, die sich zwar nicht aktiv innerhalb des Vereins bet\u00e4tigen, jedoch die Ziele und auch den Zweck des Vereins in geeigneter Weise f\u00f6rdern und unterst\u00fctzen.<br><br><\/li>\n\n\n\n<li>Zum Ehrenmitglied werden Mitglieder ernannt, die sich in besonderer Weise um den Verein verdient gemacht haben. Hierf\u00fcr ist ein Beschluss der Mitgliederversammlung erforderlich.<\/li>\n<\/ul>\n\n\n\n<ul class=\"wp-block-list\">\n<li>Ehrenmitglieder sind von der Beitragszahlung befreit, sie haben jedoch die gleichen Rechte und Pflichten wie ordentliche Mitglieder und k\u00f6nnen insbesondere an s\u00e4mtlichen Versammlungen und Sitzungen teilnehmen.<\/li>\n<\/ul>\n\n\n\n<ul class=\"wp-block-list\">\n<li>Informationen aller Art, auch Einladungen oder \u00c4nderungen k\u00f6nnen, sofern eine Emailadresse vorliegt, per Email bekannt gegeben werden.<\/li>\n<\/ul>\n\n\n\n<p><\/p>\n\n\n\n<p><strong>\u00a7 4 Rechte und Pflichten der Mitglieder<\/strong><\/p>\n\n\n\n<ol class=\"wp-block-list\">\n<li>Die Mitglieder sind berechtigt an allen angebotenen Veranstaltungen des Vereins teilzunehmen. Sie haben dar\u00fcber hinaus das Recht, gegen\u00fcber dem Vorstand und der Mitgliederversammlung Antr\u00e4ge zu stellen. In der Mitgliederversammlung kann das Stimmrecht nur pers\u00f6nlich ausge\u00fcbt werden.<\/li>\n<\/ol>\n\n\n\n<ul class=\"wp-block-list\">\n<li>Die Mitglieder sind verpflichtet den Verein und den Vereinszweck &#8211; auch in der \u00d6ffentlichkeit &#8211; in ordnungsgem\u00e4\u00dfer Weise zu unterst\u00fctzen.<\/li>\n<\/ul>\n\n\n\n<p><\/p>\n\n\n\n<p><strong>\u00a7 5 Beginn\/Ende der Mitgliedschaft<\/strong><\/p>\n\n\n\n<ol class=\"wp-block-list\">\n<li>Die Mitgliedschaft muss gegen\u00fcber dem Vorstand schriftlich beantragt werden.<br><br><\/li>\n\n\n\n<li>Die Mitgliedschaft endet durch freiwilligen Austritt, Ausschluss, Tod des Mitglieds oder Verlust der Rechtsf\u00e4higkeit bei juristischen Personen.<\/li>\n<\/ol>\n\n\n\n<ul class=\"wp-block-list\">\n<li>Die freiwillige Beendigung der Mitgliedschaft muss durch schriftliche K\u00fcndigung zum Ende des Gesch\u00e4ftsjahrs (Schuljahresende) unter Einhaltung einer dreimonatigen Frist gegen\u00fcber dem Vorstand erkl\u00e4rt werden.<\/li>\n<\/ul>\n\n\n\n<ul class=\"wp-block-list\">\n<li>Der Ausschluss eines Mitglieds kann mit sofortiger Wirkung und aus wichtigem Grund dann ausgesprochen werden, wenn das Mitglied in grober Weise gegen die Satzung, Ordnungen, den Satzungszweck oder die Vereinsinteressen verst\u00f6\u00dft. \u00dcber den Ausschluss eines Mitglieds entscheidet der Vorstand mit einfacher Stimmenmehrheit. Dem Mitglied ist unter Fristsetzung von zwei Wochen Gelegenheit zu geben, sich vor dem Vereinsausschuss zu den erhobenen Vorw\u00fcrfen zu \u00e4u\u00dfern.<\/li>\n<\/ul>\n\n\n\n<ul class=\"wp-block-list\">\n<li>Bei Beendigung der Mitgliedschaft, gleich aus welchem Grund, erl\u00f6schen alle Anspr\u00fcche aus dem Mitgliedsverh\u00e4ltnis. Eine R\u00fcckgew\u00e4hr von Beitr\u00e4gen, Spenden oder sonstigen Unterst\u00fctzungsleistungen ist grunds\u00e4tzlich ausgeschlossen. Der Anspruch des Vereins auf r\u00fcckst\u00e4ndige Beitragsforderungen bleibt hiervon unber\u00fchrt.<\/li>\n<\/ul>\n\n\n\n<ul class=\"wp-block-list\">\n<li>&nbsp;&nbsp;Die Mitgliedsbeitr\u00e4ge sind einmal j\u00e4hrlich f\u00e4llig. Die Beitr\u00e4ge belaufen sich ab M\u00e4rz 2019 auf:<\/li>\n<\/ul>\n\n\n\n<p>&nbsp;&nbsp;&nbsp; 25 \u20ac Familienbeitrag<\/p>\n\n\n\n<p>&nbsp;&nbsp;&nbsp; 15 \u20ac Einzelbetrag Erwachsener<\/p>\n\n\n\n<p>&nbsp;&nbsp;&nbsp; 10 \u20ac Einzelbeitrag Kinder<\/p>\n\n\n\n<p><\/p>\n\n\n\n<p><strong>\u00a7 6 Mittel des Vereins, Beitr\u00e4ge, Spenden<\/strong><\/p>\n\n\n\n<ol class=\"wp-block-list\">\n<li>Der Verein bestreitet seine Ausgaben aus den Beitr\u00e4gen der Mitglieder, aus Zuwendungen, Spenden, Umlagen und sonstigen Einnahmen.<\/li>\n<\/ol>\n\n\n\n<ul class=\"wp-block-list\">\n<li>F\u00fcr die H\u00f6he der j\u00e4hrlichen Mitgliederbeitr\u00e4ge, ist die jeweils g\u00fcltige Beitragsordnung ma\u00dfgebend, die von der Mitgliederversammlung beschlossen wird. Die Beitr\u00e4ge sind bis sp\u00e4testens 31. M\u00e4rz des Gesch\u00e4ftsjahres zu leisten.<\/li>\n<\/ul>\n\n\n\n<ul class=\"wp-block-list\">\n<li>Spenden werden auf Wunsch schriftlich best\u00e4tigt.<\/li>\n<\/ul>\n\n\n\n<p><\/p>\n\n\n\n<p><strong>\u00a7 7 Organe des Vereins<\/strong><\/p>\n\n\n\n<p>Die Organe des Vereins sind:<\/p>\n\n\n\n<ul class=\"wp-block-list\">\n<li>die Mitgliederversammlung<\/li>\n\n\n\n<li>der Vorstand<\/li>\n<\/ul>\n\n\n\n<p><\/p>\n\n\n\n<p><strong>\u00a7 8 Mitgliederversammlung<\/strong><\/p>\n\n\n\n<ol class=\"wp-block-list\">\n<li>Die Mitgliederversammlung ist das oberste Organ des Vereins. Sie ist f\u00fcr Angelegenheiten zust\u00e4ndig, f\u00fcr die nicht in der Satzung oder durch Beschluss der Mitgliederversammlung die Zust\u00e4ndigkeit eines anderen Vereinsorgans begr\u00fcndet ist. Die Mitgliederversammlung muss vom Vorstand schriftlich und mindestens 14 Tage vorher unter Angabe der Tagesordnung \u2013 mindestens einmal pro Jahr \u2013 einberufen werden oder wenn 1\/10 der Mitglieder dies durch schriftlichen Antrag verlangt. F\u00fcr die Rechtzeitigkeit ist der Tag der Einlieferung ma\u00dfgeblich. Mit der Mitgliederversammlung vom 29.01.2018 beschlie\u00dft der Vorstand den Turnus der Vorstandswahlen wie folgt zu \u00e4ndern:<\/li>\n<\/ol>\n\n\n\n<p>Die Vorstandswahlen werden ab diesem Jahr (2018) nicht mehr am Anfang des Jahres stattfinden, sondern nach Vorstandbeschluss immer am Schuljahresanfang innerhalb der ersten beiden Monate des Schuljahres.<\/p>\n\n\n\n<ul class=\"wp-block-list\">\n<li>Aufgabe der Mitgliederversammlung ist es:<\/li>\n<\/ul>\n\n\n\n<ul class=\"wp-block-list\">\n<li>Die Berichte des\/der Vorsitzenden, des Rechners\/der Rechnerin und der Kassenpr\u00fcferInnen entgegenzunehmen<\/li>\n\n\n\n<li>\u00dcber Antr\u00e4ge zu beraten und einen Beschluss zu fassen<\/li>\n\n\n\n<li>Satzungs\u00e4nderungen zu beschlie\u00dfen<\/li>\n<\/ul>\n\n\n\n<ul class=\"wp-block-list\">\n<li>Alle zwei Jahre tritt die Mitgliederversammlung als ordentliche Hauptversammlung zusammen. Zus\u00e4tzlich zu den genannten Aufgaben unter Absatz 2 ist es Aufgabe der ordentlichen Hauptversammlung:<\/li>\n<\/ul>\n\n\n\n<ul class=\"wp-block-list\">\n<li>Dem bisherigen Vorstand Entlastung zu erteilen<\/li>\n\n\n\n<li>Den neuen Vorstand und die neuen Kassenpr\u00fcferInnen zu w\u00e4hlen<\/li>\n<\/ul>\n\n\n\n<ul class=\"wp-block-list\">\n<li>Antr\u00e4ge sind schriftlich, sp\u00e4testens 14 Tage vor der Mitgliederversammlung beim Vorstand einzureichen.<\/li>\n<\/ul>\n\n\n\n<ul class=\"wp-block-list\">\n<li>\u00dcber jede Mitgliederversammlung ist ein Protokoll anzufertigen. Die Anwesenheitsliste ist Bestandteil des Protokolls. Das Protokoll ist von dem\/der Schriftf\u00fchrerIn und dem\/der Vorsitzenden zu unterschreiben.<\/li>\n<\/ul>\n\n\n\n<p><\/p>\n\n\n\n<p><strong>\u00a7 9 Stimmrecht\/Beschlussf\u00e4higkeit<\/strong><\/p>\n\n\n\n<ol class=\"wp-block-list\">\n<li>Stimmberechtigt sind ordentliche Mitglieder (aktive Mitglieder\/F\u00f6rdermitglieder) und Ehrenmitglieder. Jedes Mitglied hat mit Vollendung des 16. Lebensjahrs eine Stimme, die nur pers\u00f6nlich ausge\u00fcbt werden darf. Eine Stimmrechts\u00fcbertragung ist ausgeschlossen.<\/li>\n<\/ol>\n\n\n\n<ul class=\"wp-block-list\">\n<li>Die Mitgliederversammlung ist ohne R\u00fccksicht auf die Anzahl der erschienenen Mitglieder beschlussf\u00e4hig.<br><br><\/li>\n\n\n\n<li>Die Mitgliederversammlung fasst ihre Beschl\u00fcsse mit einfacher Mehrheit. Stimmenthaltungen und ung\u00fcltige Stimmen bleiben au\u00dfer Betracht. Bei Stimmengleichheit gilt der gestellte Antrag als abgelehnt.<\/li>\n<\/ul>\n\n\n\n<ul class=\"wp-block-list\">\n<li>Abstimmungen in der Mitgliederversammlung sind nur dann schriftlich und geheim durchzuf\u00fchren, wenn dies auf Verlangen der Mehrheit der an der Beschlussfassung teilnehmenden Mitglieder ausdr\u00fccklich verlangt wird.<\/li>\n<\/ul>\n\n\n\n<ul class=\"wp-block-list\">\n<li>F\u00fcr Satzungs\u00e4nderungen und Beschlussfassung zur Aufl\u00f6sung des Vereins ist eine einfache Mehrheit der erschienenen Stimmberechtigten erforderlich. Bei Zweck\u00e4nderung des Vereins ist die Zustimmung aller Mitglieder erforderlich. Die Zustimmung nicht erschienener Mitglieder ist schriftlich einzuholen.<\/li>\n<\/ul>\n\n\n\n<ul class=\"wp-block-list\">\n<li>Satzungs\u00e4nderungen werden allen Vereinsmitgliedern schriftlich mitgeteilt.<\/li>\n<\/ul>\n\n\n\n<p><\/p>\n\n\n\n<p><strong>\u00a7 10 Vorstand<\/strong><\/p>\n\n\n\n<ol class=\"wp-block-list\">\n<li>Der Vorstand leitet verantwortlich die Vereinsarbeit. Er kann sich eine Gesch\u00e4ftsordnung geben und kann besondere Aufgaben unter seinen Mitgliedern verteilen oder Aussch\u00fcsse f\u00fcr deren Bearbeitung einsetzen.<br><br><\/li>\n\n\n\n<li>Vorstand im Sinn des \u00a7 26 BGB sind der\/die erste Vorsitzende, der\/die stellvertretende Vorsitzende, der\/die RechnerIn und der\/die Schriftf\u00fchrerIn. Jeweils zwei Vorstandsmitglieder vertreten den Verein gerichtlich und au\u00dfergerichtlich.<\/li>\n<\/ol>\n\n\n\n<p><\/p>\n\n\n\n<p><strong>\u00a7 11 Hauptgesch\u00e4ftsausschuss<\/strong><\/p>\n\n\n\n<ol class=\"wp-block-list\">\n<li>Die Verwaltung des Vereins besorgt der Hauptgesch\u00e4ftsausschuss. Unter Ber\u00fccksichtigung des \u00a7 30 BGB setzt sich der Hauptgesch\u00e4ftsausschuss wie folgt zusammen:<\/li>\n<\/ol>\n\n\n\n<ul class=\"wp-block-list\">\n<li>ein\/eine Vorsitzende\/r<\/li>\n\n\n\n<li>ein\/eine stellvertretende\/r Vorsitzende\/r<\/li>\n\n\n\n<li>ein\/eine RechnerIn<\/li>\n\n\n\n<li>ein\/eine Schriftf\u00fchrerIn<\/li>\n\n\n\n<li>sowie bis zu vier Beisitzer.<\/li>\n<\/ul>\n\n\n\n<p>Sie werden von der Mitgliederversammlung f\u00fcr die Dauer von 2 Jahren gew\u00e4hlt. Die unbegrenzte Wiederwahl von Vorstandsmitgliedern ist zul\u00e4ssig. Nach Fristablauf bleiben die Vorstandsmitglieder bis zum Amtsantritt ihrer Nachfolger im Amt.<\/p>\n\n\n\n<p>F\u00fcr die\/den Vorsitzende\/n des Schulelternbeirates und die\/den SchulleiterIn werden zwei zus\u00e4tzliche Beisitzer-stellen eingerichtet, die die genannten Personen kraft Ihres Amtes einnehmen k\u00f6nnen. Sind diese Personen nicht Mitglied des Vereins, so haben sie nur eine beratende Funktion.<\/p>\n\n\n\n<p>Weitere Beisitzer k\u00f6nnen bei Bedarf (z.B. zur Planung\/Vorbereitung besonderer Veranstaltungen) hinzu berufen werden.<\/p>\n\n\n\n<ul class=\"wp-block-list\">\n<li>Der Hauptgesch\u00e4ftsausschuss beschlie\u00dft mit einfacher Stimmenmehrheit. Er ist beschlussf\u00e4hig, wenn 2\/3 seiner stimmberechtigten Mitglieder anwesend sind oder einer Beschlussfassung im schriftlichen Umlaufverfahren zustimmen. Bei Stimmengleichheit entscheidet die Stimme des Vorsitzenden.<\/li>\n<\/ul>\n\n\n\n<ul class=\"wp-block-list\">\n<li>Beschl\u00fcsse des Hauptgesch\u00e4ftsausschusses werden in einem Sitzungsprotokoll niedergelegt und von mindestens zwei vertretungsberechtigten Hauptgesch\u00e4ftsausschussmitgliedern unterzeichnet.<\/li>\n<\/ul>\n\n\n\n<ul class=\"wp-block-list\">\n<li>Scheidet ein Mitglied des Hauptgesch\u00e4ftsausschusses vor Ablauf seiner\/ihrer Wahlzeit aus, ist der Vorstand berechtigt ein kommissarisches Vorstandsmitglied zu berufen. Auf diese Weise bestimmte Vorstandsmitglieder bleiben bis zur n\u00e4chsten Mitgliederversammlung im Amt.<\/li>\n<\/ul>\n\n\n\n<ul class=\"wp-block-list\">\n<li>Der Hauptgesch\u00e4ftsausschuss pr\u00fcft Anfragen und Antr\u00e4ge der Gesamtkonferenz, der Schulkonferenz, des Elternbeirates und des\/der SchulleiterIn der Haslochbergschule auf Unterst\u00fctzung durch den Verein auf Zweckm\u00e4\u00dfigkeit und Wirksamkeit und beschlie\u00dft dar\u00fcber im Rahmen seiner M\u00f6glichkeiten.<\/li>\n<\/ul>\n\n\n\n<ul class=\"wp-block-list\">\n<li>Einzeln zeichnungsberechtigt f\u00fcr alle Vereinskonten sind jeweils der\/die Vorsitzende, der\/die stellvertretende Vorsitzende und der\/die RechnerIn. Dies gilt auch f\u00fcr die Ausstellung von Spendenquittungen.<\/li>\n<\/ul>\n\n\n\n<p><\/p>\n\n\n\n<p><strong>\u00a7 12 Kassenpr\u00fcfer<\/strong><\/p>\n\n\n\n<ol class=\"wp-block-list\">\n<li>&nbsp;&nbsp;&nbsp;\u00dcber die Jahresmitgliederversammlung sind zwei Kassenpr\u00fcfer f\u00fcr die Dauer von 2 Jahren zu w\u00e4hlen.<\/li>\n<\/ol>\n\n\n\n<ul class=\"wp-block-list\">\n<li>&nbsp;&nbsp;&nbsp;Die Kassenpr\u00fcfer haben die Aufgabe, Rechnungsbelege sowie deren ordnungsgem\u00e4\u00dfe Verbuchung und die Mittelverwendung zu \u00fcberpr\u00fcfen sowie mindestens einmal j\u00e4hrlich den Kassenbestand des abgelaufenen Schuljahresfestzustellen.<\/li>\n<\/ul>\n\n\n\n<p><\/p>\n\n\n\n<p><strong>\u00a7 13 Satzungs\u00e4nderung und Erg\u00e4nzung<\/strong><\/p>\n\n\n\n<ol class=\"wp-block-list\">\n<li>Die Satzung kann auf jeder Mitgliederversammlung durch einfache Mehrheit der anwesenden stimmberechtigten Mitglieder ge\u00e4ndert werden. Die Mitgliederversammlung ist ohne R\u00fccksicht auf die Anzahl der erschienenen Mitglieder beschlussf\u00e4hig.<\/li>\n<\/ol>\n\n\n\n<ul class=\"wp-block-list\">\n<li>\u00c4nderungsantr\u00e4ge sind dem Vorstand sp\u00e4testens sechs Wochen vor der Mitgliederversammlung schriftlich einzureichen und den Mitgliedern mit der Einladung und der Tagesordnung schriftlich bekanntzugeben.<br><br><\/li>\n\n\n\n<li>Die Satzung kann durch eine Gesch\u00e4ftsordnung erg\u00e4nzt werden.<\/li>\n<\/ul>\n\n\n\n<ul class=\"wp-block-list\">\n<li>Informationen aller Art, auch Einladungen oder \u00c4nderungen k\u00f6nnen, sofern eine Emailadresse vorliegt, per Email bekannt gegeben werden.<\/li>\n<\/ul>\n\n\n\n<p><\/p>\n\n\n\n<p><strong>\u00a7 14 Aufl\u00f6sung des Vereins<\/strong><\/p>\n\n\n\n<ol class=\"wp-block-list\">\n<li>Die Aufl\u00f6sung des Vereins kann nur bei einer Mitgliederversammlung mit einfacher Mehrheit seiner stimmberechtigten Mitglieder beschlossen werden.<\/li>\n<\/ol>\n\n\n\n<ul class=\"wp-block-list\">\n<li>Bei Aufl\u00f6sung oder Aufhebung des Vereins oder bei Wegfall seines bisherigen Zwecks f\u00e4llt das Verm\u00f6gen des Vereins direkt an die Haslochbergschule, mit der Ma\u00dfgabe, es ausschlie\u00dflich und unmittelbar f\u00fcr die Sch\u00fclerInnen der Haslochbergschule zu verwenden.<\/li>\n<\/ul>\n\n\n\n<p><\/p>\n\n\n\n<p><strong>\u00a7 15 Inkrafttreten<\/strong><\/p>\n\n\n\n<p>Die Satzung des Vereins in der vorstehenden Form wird durch Beschluss der Mitgliederversammlung vom 13.03.2019 in Kraft gesetzt und l\u00f6st die vorherige Satzung vom 20.01.2010 ab.<\/p>\n","protected":false},"excerpt":{"rendered":"<p>\u00a7 1 Name, Sitz und Gesch\u00e4ftsjahr \u00a7 2 Zweckbestimmung \u00a7 3 Mitgliedschaft \u00a7 4 Rechte und Pflichten der Mitglieder \u00a7 [&hellip;]<\/p>\n","protected":false},"author":2,"featured_media":0,"parent":0,"menu_order":0,"comment_status":"closed","ping_status":"closed","template":"","meta":{"footnotes":""},"class_list":["post-2921","page","type-page","status-publish","hentry"],"_links":{"self":[{"href":"https:\/\/foerderverein-haslochbergschule.de\/index.php\/wp-json\/wp\/v2\/pages\/2921","targetHints":{"allow":["GET"]}}],"collection":[{"href":"https:\/\/foerderverein-haslochbergschule.de\/index.php\/wp-json\/wp\/v2\/pages"}],"about":[{"href":"https:\/\/foerderverein-haslochbergschule.de\/index.php\/wp-json\/wp\/v2\/types\/page"}],"author":[{"embeddable":true,"href":"https:\/\/foerderverein-haslochbergschule.de\/index.php\/wp-json\/wp\/v2\/users\/2"}],"replies":[{"embeddable":true,"href":"https:\/\/foerderverein-haslochbergschule.de\/index.php\/wp-json\/wp\/v2\/comments?post=2921"}],"version-history":[{"count":0,"href":"https:\/\/foerderverein-haslochbergschule.de\/index.php\/wp-json\/wp\/v2\/pages\/2921\/revisions"}],"wp:attachment":[{"href":"https:\/\/foerderverein-haslochbergschule.de\/index.php\/wp-json\/wp\/v2\/media?parent=2921"}],"curies":[{"name":"wp","href":"https:\/\/api.w.org\/{rel}","templated":true}]}}